{"id":5678,"date":"2021-12-29T16:46:04","date_gmt":"2021-12-29T15:46:04","guid":{"rendered":"https:\/\/ckcom.fr\/?page_id=5678"},"modified":"2022-03-01T15:03:12","modified_gmt":"2022-03-01T14:03:12","slug":"developpement-specifique","status":"publish","type":"page","link":"https:\/\/ckcom.fr\/?page_id=5678","title":{"rendered":"D\u00e9veloppement sp\u00e9cifique"},"content":{"rendered":"","protected":false},"excerpt":{"rendered":"","protected":false},"author":1,"featured_media":0,"parent":0,"menu_order":0,"comment_status":"closed","ping_status":"closed","template":"","meta":{"inline_featured_image":false,"spay_email":"","footnotes":""},"class_list":["post-5678","page","type-page","status-publish","hentry"],"yoast_head":"<!-- This site is optimized with the Yoast SEO plugin v17.9 - https:\/\/yoast.com\/wordpress\/plugins\/seo\/ -->\n<title>D\u00e9veloppement sp\u00e9cifique - D\u00e9veloppement sur mesure<\/title>\n<meta name=\"description\" content=\"Le d\u00e9veloppement web sp\u00e9cifique est un travail sur-mesure qui r\u00e9pond \u00e0 des besoins bien pr\u00e9cis en mati\u00e8re de conception de site web\" \/>\n<meta name=\"robots\" content=\"index, follow, max-snippet:-1, max-image-preview:large, max-video-preview:-1\" \/>\n<link rel=\"canonical\" href=\"https:\/\/ckcom.fr\/?page_id=5678\" \/>\n<meta property=\"og:locale\" content=\"fr_FR\" \/>\n<meta property=\"og:type\" content=\"article\" \/>\n<meta property=\"og:title\" content=\"D\u00e9veloppement sp\u00e9cifique - D\u00e9veloppement sur mesure\" \/>\n<meta property=\"og:description\" content=\"Le d\u00e9veloppement web sp\u00e9cifique est un travail sur-mesure qui r\u00e9pond \u00e0 des besoins bien pr\u00e9cis en mati\u00e8re de conception de site web\" \/>\n<meta property=\"og:url\" content=\"https:\/\/ckcom.fr\/?page_id=5678\" \/>\n<meta property=\"og:site_name\" content=\"ckcom\" \/>\n<meta property=\"article:modified_time\" content=\"2022-03-01T14:03:12+00:00\" \/>\n<meta name=\"twitter:card\" content=\"summary_large_image\" \/>\n<script type=\"application\/ld+json\" class=\"yoast-schema-graph\">{\"@context\":\"https:\/\/schema.org\",\"@graph\":[{\"@type\":\"WebSite\",\"@id\":\"https:\/\/ckcom.fr\/#website\",\"url\":\"https:\/\/ckcom.fr\/\",\"name\":\"ckcom\",\"description\":\"Agence web et de marketing digitale\",\"potentialAction\":[{\"@type\":\"SearchAction\",\"target\":{\"@type\":\"EntryPoint\",\"urlTemplate\":\"https:\/\/ckcom.fr\/?s={search_term_string}\"},\"query-input\":\"required name=search_term_string\"}],\"inLanguage\":\"fr-FR\"},{\"@type\":\"WebPage\",\"@id\":\"https:\/\/ckcom.fr\/?page_id=5678#webpage\",\"url\":\"https:\/\/ckcom.fr\/?page_id=5678\",\"name\":\"D\\u00e9veloppement sp\\u00e9cifique - D\\u00e9veloppement sur mesure\",\"isPartOf\":{\"@id\":\"https:\/\/ckcom.fr\/#website\"},\"datePublished\":\"2021-12-29T15:46:04+00:00\",\"dateModified\":\"2022-03-01T14:03:12+00:00\",\"description\":\"Le d\\u00e9veloppement web sp\\u00e9cifique est un travail sur-mesure qui r\\u00e9pond \\u00e0 des besoins bien pr\\u00e9cis en mati\\u00e8re de conception de site web\",\"breadcrumb\":{\"@id\":\"https:\/\/ckcom.fr\/?page_id=5678#breadcrumb\"},\"inLanguage\":\"fr-FR\",\"potentialAction\":[{\"@type\":\"ReadAction\",\"target\":[\"https:\/\/ckcom.fr\/?page_id=5678\"]}]},{\"@type\":\"BreadcrumbList\",\"@id\":\"https:\/\/ckcom.fr\/?page_id=5678#breadcrumb\",\"itemListElement\":[{\"@type\":\"ListItem\",\"position\":1,\"name\":\"Accueil\",\"item\":\"https:\/\/ckcom.fr\/\"},{\"@type\":\"ListItem\",\"position\":2,\"name\":\"D\\u00e9veloppement sp\\u00e9cifique\"}]}]}<\/script>\n<!-- \/ Yoast SEO plugin. -->","yoast_head_json":{"title":"D\u00e9veloppement sp\u00e9cifique - D\u00e9veloppement sur mesure","description":"Le d\u00e9veloppement web sp\u00e9cifique est un travail sur-mesure qui r\u00e9pond \u00e0 des besoins bien pr\u00e9cis en mati\u00e8re de conception de site web","robots":{"index":"index","follow":"follow","max-snippet":"max-snippet:-1","max-image-preview":"max-image-preview:large","max-video-preview":"max-video-preview:-1"},"canonical":"https:\/\/ckcom.fr\/?page_id=5678","og_locale":"fr_FR","og_type":"article","og_title":"D\u00e9veloppement sp\u00e9cifique - D\u00e9veloppement sur mesure","og_description":"Le d\u00e9veloppement web sp\u00e9cifique est un travail sur-mesure qui r\u00e9pond \u00e0 des besoins bien pr\u00e9cis en mati\u00e8re de conception de site web","og_url":"https:\/\/ckcom.fr\/?page_id=5678","og_site_name":"ckcom","article_modified_time":"2022-03-01T14:03:12+00:00","twitter_card":"summary_large_image","schema":{"@context":"https:\/\/schema.org","@graph":[{"@type":"WebSite","@id":"https:\/\/ckcom.fr\/#website","url":"https:\/\/ckcom.fr\/","name":"ckcom","description":"Agence web et de marketing digitale","potentialAction":[{"@type":"SearchAction","target":{"@type":"EntryPoint","urlTemplate":"https:\/\/ckcom.fr\/?s={search_term_string}"},"query-input":"required name=search_term_string"}],"inLanguage":"fr-FR"},{"@type":"WebPage","@id":"https:\/\/ckcom.fr\/?page_id=5678#webpage","url":"https:\/\/ckcom.fr\/?page_id=5678","name":"D\u00e9veloppement sp\u00e9cifique - D\u00e9veloppement sur mesure","isPartOf":{"@id":"https:\/\/ckcom.fr\/#website"},"datePublished":"2021-12-29T15:46:04+00:00","dateModified":"2022-03-01T14:03:12+00:00","description":"Le d\u00e9veloppement web sp\u00e9cifique est un travail sur-mesure qui r\u00e9pond \u00e0 des besoins bien pr\u00e9cis en mati\u00e8re de conception de site web","breadcrumb":{"@id":"https:\/\/ckcom.fr\/?page_id=5678#breadcrumb"},"inLanguage":"fr-FR","potentialAction":[{"@type":"ReadAction","target":["https:\/\/ckcom.fr\/?page_id=5678"]}]},{"@type":"BreadcrumbList","@id":"https:\/\/ckcom.fr\/?page_id=5678#breadcrumb","itemListElement":[{"@type":"ListItem","position":1,"name":"Accueil","item":"https:\/\/ckcom.fr\/"},{"@type":"ListItem","position":2,"name":"D\u00e9veloppement sp\u00e9cifique"}]}]}},"_links":{"self":[{"href":"https:\/\/ckcom.fr\/index.php?rest_route=\/wp\/v2\/pages\/5678","targetHints":{"allow":["GET"]}}],"collection":[{"href":"https:\/\/ckcom.fr\/index.php?rest_route=\/wp\/v2\/pages"}],"about":[{"href":"https:\/\/ckcom.fr\/index.php?rest_route=\/wp\/v2\/types\/page"}],"author":[{"embeddable":true,"href":"https:\/\/ckcom.fr\/index.php?rest_route=\/wp\/v2\/users\/1"}],"replies":[{"embeddable":true,"href":"https:\/\/ckcom.fr\/index.php?rest_route=%2Fwp%2Fv2%2Fcomments&post=5678"}],"version-history":[{"count":5,"href":"https:\/\/ckcom.fr\/index.php?rest_route=\/wp\/v2\/pages\/5678\/revisions"}],"predecessor-version":[{"id":6205,"href":"https:\/\/ckcom.fr\/index.php?rest_route=\/wp\/v2\/pages\/5678\/revisions\/6205"}],"wp:attachment":[{"href":"https:\/\/ckcom.fr\/index.php?rest_route=%2Fwp%2Fv2%2Fmedia&parent=5678"}],"curies":[{"name":"wp","href":"https:\/\/api.w.org\/{rel}","templated":true}]}}